922 is divided by 1078.
4
Calculate the remainder when 7142916 is divided by 88184.
12
Calculate the remainder when 2236270 is divided by 2243.
2242
What is the remainder when 3739195 is divided by 32?
27
What is the remainder when 598755 is divided by 5232?
2307
Calculate the remainder when 26465 is divided by 4207.
1223
Calculate the remainder when 720561 is divided by 120065.
171
What is the remainder when 16425 is divided by 549?
504
What is the remainder when 967783 is divided by 967466?
317
What is the remainder when 192360 is divided by 63816?
912
What is the remainder when 106973 is divided by 1286?
235
What is the remainder when 11233559 is divided by 379?
378
What is the remainder when 23329 is divided by 247?
111
Calculate the remainder when 37956215 is divided by 3796.
11
Calculate the remainder when 3864716 is divided by 4579.
40
Calculate the remainder when 156520 is divided by 74.
10
Calculate the remainder when 88662472 is divided by 1690.
2
Calculate the remainder when 24760 is divided by 7824.
1288
What is the remainder when 2211981 is divided by 16?
13
Calculate the remainder when 10206907 is divided by 139819.
120
Calculate the remainder when 3441327 is divided by 411.
24
Calculate the remainder when 57048 is divided by 5958.
3426
Calculate the remainder when 16097355 is divided by 18938.
55
Calculate the remainder when 17465 is divided by 11576.
5889
What is the remainder when 937378 is divided by 302?
272
What is the remainder when 21869220 is divided by 9135?
30
Calculate the remainder when 227864 is divided by 25297.
191
Calculate the remainder when 573025 is divided by 418.
365
Calculate the remainder when 87622 is divided by 352.
326
What is the remainder when 6471903 is divided by 4208?
4207
Calculate the remainder when 424947576 is divided by 22.
20
Calculate the remainder when 5966315 is divided by 52.
43
Calculate the remainder when 505142 is divided by 333.
314
What is the remainder when 341729192 is divided by 69?
68
Calculate the remainder when 1981746 is divided by 88.
74
What is the remainder when 94357848 is divided by 1194403?
11
Calculate the remainder when 147323836 is divided by 147.
142
What is the remainder when 2458998 is divided by 491797?
13
What is the remainder when 7383 is divided by 7314?
69
Calculate the remainder when 43487693 is divided by 12.
5
Calculate the remainder when 672490 is divided by 49.
14
What is the remainder when 19037627 is divided by 979?
972
Calculate the remainder when 18823506 is divided by 80.
66
Calculate the remainder when 197112 is divided by 16419.
84
What is the remainder when 645233878 is divided by 15?
13
What is the remainder when 8125244 is divided by 287?
274
What is the remainder when 1878872 is divided by 12?
8
Calculate the remainder when 21818981 is divided by 272.
229
Calculate the remainder when 630391 is divided by 33178.
9
What is the remainder when 102364 is divided by 112?
108
What is the remainder when 2046246798 is divided by 4940?
4938
What is the remainder when 392752 is divided by 49081?
104
Calculate the remainder when 18797656 is divided by 694.
666
Calculate the remainder when 43199 is divided by 1173.
971
What is the remainder when 3669551 is divided by 561?
50
Calculate the remainder when 224395 is divided by 55871.
911
Calculate the remainder when 768742 is divided by 5780.
2
What is the remainder when 72689 is divided by 3625?
189
What is the remainder when 1720990 is divided by 36615?
85
What is the remainder when 4011 is divided by 3855?
156
Calculate the remainder when 28415062 is divided by 3433.
121
What is the remainder when 5233212 is divided by 1744385?
57
Calculate the remainder when 6654 is divided by 2838.
978
What is the remainder when 5410670 is divided by 16?
14
What is the remainder when 10965237 is divided by 25?
12
Calculate the remainder when 36039 is divided by 428.
87
Calculate the remainder when 2999497 is divided by 2712.
25
Calculate the remainder when 5271102 is divided by 61.
31
Calculate the remainder when 5007524 is divided by 69.
56
What is the remainder when 235633 is divided by 18?
13
What is the remainder when 278095 is divided by 69522?
7
What is the remainder when 25461586 is divided by 1505?
1501
Calculate the remainder when 5014145 is divided by 5014121.
24
Calculate the remainder when 264342 is divided by 6490.
4742
What is the remainder when 39127 is divided by 5270?
2237
What is the remainder when 614888478 is divided by 5494?
5492
Calculate the remainder when 130781273 is divided by 42.
35
What is the remainder when 463965 is divided by 2158?
2153
What is the remainder when 70757 is divided by 35277?
203
What is the remainder when 5509306 is divided by 565?
556
What is the remainder when 539826 is divided by 149?
148
What is the remainder when 62846 is divided by 2732?
10
Calculate the remainder when 51230776 is divided by 948718.
4
What is the remainder when 3796777 is divided by 151?
33
Calculate the remainder when 5818365 is divided by 153114.
33
What is the remainder when 8751137 is divided by 141?
113
Calculate the remainder when 36915 is divided by 11175.
3390
Calculate the remainder when 162224708 is divided by 27037447.
26
Calculate the remainder when 5234557 is divided by 1580.
17
What is the remainder when 847092 is divided by 20168?
36
What is the remainder when 335779 is divided by 20?
19
Calculate the remainder when 255783 is divided by 51156.
3
What is the remainder when 6269435 is divided by 1231?
1183
What is the remainder when 158699 is divided by 651?
506
Calculate the remainder when 263 is divided by 72.
47
Calculate the remainder when 111122986 is divided by 22224596.
6
Calculate the remainder when 2596479 is divided by 519293.
14
What is the remainder when 11265891 is divided by 168147?
42
Calculate the remainder when 6324397 is divided by 100.
97
Calculate the remainder when 313354 is divided by 78330.
34
What is the remainder when 286776 is divided by 35686?
1288
Calculate the remainder when 645947842 is divided by 19.
16
Calculate the remainder when 7351039 is divided by 21.
10
What is the remainder when 4936809 is divided by 2720?
9
Calculate the remainder when 68656685 is divided by 6040.
5
Calculate the remainder when 1752341 is divided by 583991.
368
What is the remainder when 1281892 is divided by 290?
92
Calculate the remainder when 488214 is divided by 3366.
144
Calculate the remainder when 330574 is divided by 66070.
224
Calculate the remainder when 8580357 is divided by 12.
9
Calculate the remainder when 81520935 is divided by 17.
2
Calculate the remainder when 6793723 is divided by 512.
507
What is the remainder when 6361635 is divided by 40?
35
What is the remainder when 614566 is divided by 348?
346
Calculate the remainder when 250014 is divided by 15617.
142
What is the remainder when 5192568 is divided by 432705?
108
Calculate the remainder when 1967286 is divided by 3911.
53
Calculate the remainder when 78740 is divided by 83.
56
Calculate the remainder when 3458079 is divided by 61.
50
Calculate the remainder when 1859969 is divided by 961.
434
What is the remainder when 2442787 is divided by 776?
715
Calculate the remainder when 375324957 is divided by 928.
925
Calculate the remainder when 8703994 is divided by 1740792.
34
What is the remainder when 321954 is divided by 40158?
690
Calculate the remainder when 13292269 is divided by 773.
534
Calculate the remainder when 15077 is divided by 3733.
145
What is the remainder when 84959 is divided by 902?
171
What is the remainder when 69757 is divided by 1641?
835
Calculate the remainder when 406508 is divided by 575.
558
Calculate the remainder when 189524757 is divided by 24.
21
What is the remainder when 1394834 is divided by 124?
82
Calculate the remainder when 19992 is divided by 686.
98
What is the remainder when 4586 is divided by 2530?
2056
What is the remainder when 3610045 is divided by 52?
49
Calculate the remainder when 1429609 is divided by 448.
41
What is the remainder when 59866890 is divided by 24?
18
What is the remainder when 86135 is divided by 479?
394
Calculate the remainder when 27867 is divided by 3642.
2373
What is the remainder when 2750903 is divided by 6?
5
Calculate the remainder when